 - -12) - 23.
-19
What is -6 - (4 + (7 - 4))?
-13
Evaluate -20 - (-19 - (-24 - -11)).
-14
Calculate (8 - -3) + -19 - -2 - 12.
-18
9 - -5 - 14 - 7
-7
8 + 9 + (22 - (18 + -8))
29
What is the value of (-324 - -293) + (33 - -1)?
3
(88 + -83 - (-1 - 1)) + -11
-4
What is the value of 0 - (-16 - 1) - (-20 - -22 - -5)?
10
Evaluate (4 - (-8 - -2)) + (-10 - -11 - -3).
14
Calculate (-11 - -25) + -26 - (1 - 3).
-10
What is 5 + 1 + -1 + (-18 - -21)?
8
Evaluate -10 + 2 + 241 + -253.
-20
Calculate -7 + (-2 - (5 - 10 - -8)).
-12
9 + (-3 - 0) - ((11 - 8) + -4)
7
What is the value of -2 + (12 - 31 - -18)?
-3
What is the value of -8 - -3 - (-3 - -9 - (-5 + 11))?
-5
What is the value of -8 + -1 + -5 + 3 + (-12 - -10)?
-13
Calculate (10 - 4) + (20 - 47).
-21
Calculate (-6 - -2) + 5 + -8 + 7.
0
What is the value of 12 - ((23 - 28) + -2)?
19
(12 - 2) + -15 - -13
8
Evaluate (-7 + 0 - (-1 + 0)) + (30 - -3).
27
-5 + 1 + -253 + 246
-11
2 - 14 - (4 - (-5 + 15)) - -4
-2
What is 13 + -1 + -23 + 10 + -20?
-21
2 - (0 - (-6 - -17) - -7)
6
Calculate -15 + (7 - (-1 + 11 - (-24 + 19))).
-23
(-1 - -8) + 13 + (36 - 44)
12
What is -15 - -19 - (1 + 17) - -28?
14
What is the value of (5 - -4) + -19 + 3 + 4 + -7?
-10
What is the value of (-39 - -12) + 11 + -2?
-18
20 + (-2 + -24 - -12)
6
What is the value of (-2 - (-19 - 0)) + 1031 + -1045?
3
Calculate -14 + ((21 - 9) + -16 - -13) + -26.
-31
What is 17 - 1 - (-112 - -129)?
-1
What is the value of -14 - (-28 + -10) - 43?
-19
What is 3 - 1 - (12 - 5 - (-12 - -12))?
-5
(-12 + (16 - 7) - 7) + -4
-14
What is (-4 - (-4 + 16)) + 1?
-15
-23 + 15 + (36 - 39)
-11
What is 12 - (-3 + (-2 - -12))?
5
5 + -13 - 7 - -11
-4
Calculate (-4 + -5 - (-26 + 20)) + 5.
2
5 - (-2 + 1 + -26 + 21 + 2)
9
What is -1 - ((-6 - 5 - (13 - 16)) + -3)?
10
Calculate 4 + (1 - -1 - 14) - (-3 - 0).
-5
Evaluate -18 - ((-8 + 7 - 5) + (-1 - -1)).
-12
9 + (-2 - 0) + 0
7
37 + (19 - 3) + -39
14
What is the value of (17 - 4 - 3) + 69 + -52?
27
What is (27 - (-5 - -22)) + -27?
-17
What is the value of -5 + -20 + 1 + 24?
0
What is 1 - (-8 + 13 + 2)?
-6
Calculate 6 + 20 + -68 + 23.
-19
What is the value of (20 - 39) + 11 - -2?
-6
(41 - 27) + -18 + -5
-9
Evaluate (7 - -19) + -33 - (0 + 6).
-13
Calculate -3 + -2 - (-8 + -12).
15
What is (-1 - -2 - -20) + (-11 - -11)?
21
What is the value of -35 + 24 + 10 - (2 + -11)?
8
Calculate (43 + -51 - -15) + -2 + (-33 - -2).
-26
What is -7 + (-20 - -11) - -10?
-6
What is 105 - 110 - (0 - -4) - 1?
-10
0 + -10 + 10 - 2 - 13
-15
What is the value of -12 + (4 - (4 + -39))?
27
1 + (0 - -5) + (-45 - -36)
-3
Calculate 10 + -26 + (-12 - -12).
-16
4 + 4 + -5 + 16 - 5
14
43 + 14 + -28 + -28
1
What is the value of 0 + -8 - (-5 + 1) - 0?
-4
Evaluate 15 - (0 + 8) - (0 + 0).
7
What is 289 + -269 - (7 + 3 + -3)?
13
What is -5 + (6 - -13) + -9 + 3?
8
Evaluate 15 - (1 + 0 - 5 - (0 - 6)).
13
((-8 - -3) + 13 - 2) + 6
12
What is the value of 14 - 6 - 0 - (-2 - -15)?
-5
Calculate -3 + 0 + -2 - (-83 - -78).
0
Evaluate 0 + -14 + (-3 - (10 + -20)) + -8.
-15
What is the value of 3 + -7 + (-11 - -5)?
-10
(5 - (1 - (3 - (-2 - -3)))) + -3
3
(-6 - 5) + (4 + 2 - (-10 + 13))
-8
What is the value of 0 + -9 + (-2 - -5) + -1?
-7
Calculate -14 + 1 + 32 + -6.
13
(-34 - -39) + 1 + -1 + 11 - 2
14
Evaluate -167 - -150 - (-1 + -3).
-13
Calculate 76 - 98 - (-4 - (3 + 0 + -1)).
-16
Calculate 5 - (-19 + -16 + 48).
-8
Evaluate 4 - (-3 + 7 - (-2 - -11)).
9
What is the value of -14 + 7 + -21 + 44?
16
Calculate -12 + 6 + -24 + 4 + 20.
-6
20 + (-23 - -5) - 16
-14
Evaluate -2 + 1 + (76 - 65).
10
Calculate -25 + 24 - -8 - 2.
5
Calculate -9 - 1 - (-43 - (35 - 82)).
-14
What is the value of (7 - -19 - 14) + -9?
3
Calculate 6 + (-296 + 300 - (-2 - -3 - 0)).
9
19 - ((-2 - -28) + -23)
16
15 - ((-9 - (21 + -7)) + 19)
19
Evaluate 3 + (-2 - 0) - (19 + (-25 - -1)).
6
What is -3 - (11 + -19 + 6)?
-1
Calculate -28 + (-3 - -22) - -24.
15
Calculate 13 - (16 + 2) - -5.
0
What is the value of -2 - -6 - (-18 - -18) - 14?
-10
What is the value of -5 + 3 + (-7 - -9) + 0?
0
What is (6 - 25 - (-4 + 3)) + 1?
-17
What is -16 + 0 + (-258 - -258)?
-16
What is -39 + 18 + 3 + 14 - -18?
14
What is (-13 - (-17 - -29)) + -2 + 11?
-16
What is 2 + 0 + -4 - (16 - 13)?
-5
21 + (-40 - 16) + 29
-6
Evaluate (-5 - -9 - 12 - -16) + -33 - -1.
-24
Calculate -26 + -1 - (-590 + 578).
-15
Calculate (-27 + 11 - -4) + 20.
8
What is the value of -12 + (-13 - -4 - -10)?
-11
What is the value of -11 + 4 + -3 + 1 + 8?
-1
What is 11 + (-10 - 13) - -19?
7
What is (2 - -3) + (-27 + 4 - -3 - -8)?
-7
Calculate (-16 - -1) + 7 - (9 + -2).
-15
What is the value of 31 + -2 + -10 + -18?
1
What is -9 - (0 - (1 - -2)) - (-16 - -11)?
-1
Evaluate (-4 - -8 - -3) + -11 - (-2 + 0).
-2
What is the value of 21 - (-4 - -52 - 21)?
-6
What is 61 + -63 + (-1 - (2 + -4)) + 5?
4
Calculate -61 + 157 + -77 + (9 - (-1 + 1)).
28
Evaluate 3 + (-11 - -10) + -1 - 13.
-12
What is (285 - 269) + (0 - 2 - (0 + 7))?
7
What is -12 - (-23 + -30) - 25?
16
What is 3 + (-26 - -21) + (-3 - (1 - 27))?
21
1 - 24 - (-10 - -18 - 8)
-23
Calculate 0 - 2 - (3 - (-9 + 16)).
2
-18 + (-17 - -57) + -6
16
Evaluate (28 - 14) + 2 + -5.
11
What is (-2 - (-8 - -10 - 5)) + 2 + -2?
1
What is 12 - (-4 + 0 - (-12 - 3))?
1
What is -44 - (-9 + (11 - 34))?
-12
What is the value of -2 - (36 + (-19 - (7 - 14)))?
-26
Evaluate (-5 - 8 - -4) + 19.
10
-21 + 1 + -54 + 74
0
What is -4 + -18 - (-6 - -19 - 5)?
-30
What is the value of 25 + (0 + (-11 - -5) + -2 - -3)?
20
What is -4 + 0 + 6 + (9 - (-3 - -19))?
-5
What is 7 - (12 - -6 - (-3 - 0))?
-14
Evaluate 30 - (35 + -10) - (6 + 1).
-2
Calculate 37 + (25 - 94 - -35).
3
-26 - (-13 + -5) - -2
-6
Evaluate -2 + 28 + -16 + 2.
12
Evaluate 3 - -1 - (144 - 136).
-4
What is 5 - ((0 - 1) + 7 + (-7 - -2))?
4
Calculate 1 + -4 - (-113 + 109) - (-3 - -7).
-3
Evaluate -16 - (-12 + (2 - -4) + 2).
-12
What is the value of -7 - (-3 - (-3 - (6 - -1)))?
-14
Evaluate -39 - -10 - -11 - -6.
-12
Evaluate -1 - (15 - 9 - (4 - 5)).
-8
Evaluate 9 + -45 + (44 - 23).
-15
Evaluate -26 - (-2 + -1) - -5.
-18
Evaluate -1 + -6 + (-4 - (-12 + 13)) - 1.
-13
What is the value of (3 + (-6 - -5) - -3) + (-1 - -5)?
9
14 - (55 - 15 - 7)
-19
Calculate (2 - -31) + (-14 - (-31 + 32)).
18
What is the value of -11 + 21 + ((-5 - -2) + 2 - -6)?
15
What is (-14 - -18 - 1) + -10?
-7
-29 + (37 - 13) + (22 - (4 + -2))
15
Evaluate (105 - 60) + -8 + (-1 - 8).
28
Evaluate (8 - -1) + (-25 - (-11 + 4)).
-9
What is the value of -6 + (-18 - -18) + 3 + -2?
-5
Evaluate (13 - 5) + -11 + 2.
-1
Evaluate 10 + 4 - (30 - 12).
-4
What is -4 + 31 + (-3 - -2) + 6 - 4?
28
Calculate (-5 + 3 - (-7 - -4)) + -4.
-3
What is the value of -15 - (22 + 4 + -46)?
5
5 + -2 + (12 - (4 + 5 + -3))
9
What is -3 + (-9 - -15) + -15?
-12
Calculate (-41 - (-19 - 33)) + 1 + -2 + -18.
-8
Calculate -17 - (19 - 35) - -20.
19
Calculate 2 - (52 + -46 - (1 - -6)).
3
2 + (6 - 1) + (225 - 253)
-21
Calculate (4 + -8 + 4 - 22) + (-63 - -65).
-20
(5 + -1 + -2 - -5) + (-16 - 0)
-9
Calculate 1 - 0 - (1 - -1) - (-2737 - -2739).
-3
Evaluate -4 - (-9 + -5 + 12).
-2
Evaluate 7 - (5 + -11 - (-9 - (29 + -9))).
-16
Calculate 3 - ((9 - -1) + 19 - 13).
-13
What is 4 + -2 + 291 + -300?
-7
What is the value of -1 - 0 - 2 - (-70 + 72) - -6?
1
Evaluate 18 - (15 - (1 - 3)).
1
What is the value of -2 - (1 + (11 + -1 - 5) + -19)?
11
-9 - (10 + 6 + -10 + -20)
5
Evaluate 293 + -298 + (1 - -4) - (4 + -1).
-3
19 + (-27 - -12) + (-15 - 1)
-12
What is the value of -9 + 8 - (-4 - (-11 - -17)) - -1?
10
Evaluate 5 - (19 - 14) - 1.
-1
Calculate (10 - 0) + (22 + -17 - 28).
-13
What is (-46 - -24) + 8 + 11?
-3
Calculate 2 + 9 + (4 - 3) + -7 + 11.
16
(310 - 337) + 22 + 1 + (1 - -7)
4
(-249 - -206) + 0 + -1 + 21
-23
What is -13 + -6 + 0 + 9 + 4?
-6
Calculate 21 - (2 + 11) - (-4 - (-27 + 4)).
-11
Calculate (1 + -5 - (6 - 22)) + -18.
-6
What is the value of 15 + -1 + -10 - 6?
-2
What is (2 + 5 - 11) + (-7 - -5)?
-6
Evaluate 9 + -1 - ((-9 - (-23 - -4)) + -11).
9
Evaluate 9 - (0 + (2 - -16) + 6).
-15
What is -6 - -9 - (-35 + (32 - 10))?
16
-1 - (-2 + 6) - (63 + -54 - 15)
1
Calculate 302 + -304 - (-2 - -3 - -3).
-6
Calculate (-8 - -16) + -2 - 10 - (2 - 17).
11
Calculate -9 + 2 - (6 + -26 - 2).
15
Evaluate -12 - -7 - (2 - 12).
5
What is (16 - 26) + 15 + 3 + 0 - -27?
35
What is -28 - -17 - (4 + (4 - 1